ide 283509947?
False
Is 4761 a factor of 1098434120?
False
Does 135 divide 1924735025?
False
Does 5525 divide 742082505?
False
Is 584119474 a multiple of 2427?
False
Is 58 a factor of 295422035?
False
Does 2307 divide 225675354?
True
Is 45 a factor of 16117203?
False
Does 29 divide 46811099?
False
Does 214 divide 597611604?
False
Is 26 a factor of 3389674681?
False
Does 60 divide 8044164?
False
Is 111802880 a multiple of 238?
True
Is 384 a factor of 2874112512?
True
Is 420658104 a multiple of 898?
False
Is 1466348062 a multiple of 17?
False
Is 56042052 a multiple of 1397?
True
Is 2631599380 a multiple of 71?
True
Does 61 divide 4387775?
False
Does 665 divide 463886484?
False
Does 45 divide 1054588?
False
Does 60 divide 426442673?
False
Does 144 divide 2063504759?
False
Is 12833916 a multiple of 10?
False
Is 1116 a factor of 76612766?
False
Is 351 a factor of 18691309?
False
Is 1260910950 a multiple of 208?
False
Is 420462417 a multiple of 524?
False
Is 62322389 a multiple of 182?
False
Is 512550 a multiple of 850?
True
Does 14 divide 333773496?
True
Does 2 divide 2931606?
True
Is 49 a factor of 86946684?
False
Is 84 a factor of 46861146?
False
Is 30666097 a multiple of 77?
True
Does 9 divide 213585633?
True
Is 144064334 a multiple of 8?
False
Does 7 divide 369820416?
True
Is 158693050 a multiple of 5?
True
Is 707 a factor of 44859857?
True
Is 10014891 a multiple of 33?
False
Is 42 a factor of 1305228727?
False
Does 7 divide 35653485?
True
Is 1157894 a multiple of 67?
True
Does 311 divide 2173252?
False
Is 9886390 a multiple of 10?
True
Does 377 divide 67070168?
False
Is 2957651069 a multiple of 414?
False
Is 688 a factor of 43231168?
True
Is 249 a factor of 121437450?
False
Is 47351790 a multiple of 75?
False
Is 1110021990 a multiple of 266?
True
Is 32444946 a multiple of 9?
True
Is 7344 a factor of 933554592?
True
Is 298 a factor of 31345130?
True
Is 186444441 a multiple of 453?
False
Does 447 divide 9750759?
False
Is 298492041 a multiple of 86?
False
Is 279 a factor of 165979109?
False
Is 373302348 a multiple of 76?
True
Does 9 divide 733721463?
True
Is 49164421 a multiple of 49?
False
Is 26 a factor of 90302762?
False
Is 7 a factor of 278437372?
False
Does 20 divide 41079240?
True
Does 1615 divide 68480845?
True
Is 322 a factor of 30726295?
False
Is 2385 a factor of 429846347?
False
Does 28 divide 7235448?
False
Does 66 divide 28925754?
True
Is 8693 a factor of 3031570741?
True
Is 47959755 a multiple of 1500?
False
Does 79 divide 19944148?
False
Is 14 a factor of 471175299?
False
Is 13 a factor of 2024415?
False
Is 182 a factor of 26963300?
True
Is 41789743 a multiple of 503?
True
Is 1139542 a multiple of 5?
False
Is 171195416 a multiple of 701?
True
Does 12 divide 185095428?
True
Is 1233217312 a multiple of 160?
False
Is 28 a factor of 5959734?
False
Does 47 divide 3497719925?
False
Is 996099507 a multiple of 1339?
True
Is 8 a factor of 6886986?
False
Is 158 a factor of 115543662?
True
Is 452891309 a multiple of 18?
False
Is 5944 a factor of 522109072?
True
Is 49607160 a multiple of 2282?
False
Does 1949 divide 107988243?
True
Is 89413117 a multiple of 849?
False
Is 41141692 a multiple of 21?
False
Is 649113308 a multiple of 411?
False
Is 207153903 a multiple of 33?
True
Does 624 divide 40460784?
True
Is 1067 a factor of 349619622?
True
Is 549 a factor of 279313083?
True
Is 100 a factor of 1589775100?
True
Is 12 a factor of 13141668?
True
Is 61262200 a multiple of 410?
True
Is 6 a factor of 32092604?
False
Is 10736492 a multiple of 94?
True
Does 2597 divide 152641272?
True
Does 701 divide 77388998?
True
Does 54 divide 1264639338?
True
Is 796201100 a multiple of 10?
True
Does 79 divide 124766833?
True
Is 36 a factor of 8173548?
True
Is 37 a factor of 101109382?
True
Does 57 divide 24173191?
False
Is 73 a factor of 64301028?
True
Does 82 divide 109959458?
True
Is 1118 a factor of 5639710?
False
Is 14 a factor of 196406616?
True
Is 4606886 a multiple of 13?
False
Is 18627815 a multiple of 23?
True
Does 5 divide 60202805?
True
Is 1068383969 a multiple of 5?
False
Is 11 a factor of 4314695?
True
Is 33 a factor of 51275964?
False
Does 484 divide 266620596?
True
Is 195 a factor of 5614651?
False
Is 23710902 a multiple of 1018?
False
Is 406543040 a multiple of 2278?
False
Is 61795902 a multiple of 42?
True
Does 24 divide 41533104?
True
Is 107 a factor of 220366928?
True
Is 205068553 a multiple of 416?
False
Is 2007890477 a multiple of 1179?
False
Does 118 divide 26609793?
False
Is 1684 a factor of 74101052?
True
Does 14 divide 23424819?
False
Is 1113028 a multiple of 332?
False
Is 13 a factor of 63937399?
False
Does 193 divide 534381488?
True
Does 477 divide 2898146192?
False
Is 7 a factor of 28099237?
False
Is 9710604 a multiple of 82?
True
Is 138 a factor of 21782196?
True
Is 98102245 a multiple of 115?
True
Does 51 divide 19052376?
True
Is 3647 a factor of 236128662?
True
Does 10 divide 500364220?
True
Is 1106320472 a multiple of 673?
True
Is 2997 a factor of 181069951?
False
Does 675 divide 13923659?
False
Does 546 divide 1145378598?
True
Does 28 divide 471964276?
True
Does 665 divide 7740356?
False
Is 683471212 a multiple of 3585?
False
Is 273253739 a multiple of 31?
False
Is 595 a factor of 1537480?
True
Does 6 divide 993912030?
True
Is 33 a factor of 255829528?
False
Does 5812 divide 2200388328?
True
Is 31773114 a multiple of 82?
True
Is 925449013 a multiple of 631?
False
Is 555065455 a multiple of 35?
True
Is 91 a factor of 541173276?
False
Is 3015678078 a multiple of 3906?
True
Does 118 divide 377128227?
False
Is 25997034 a multiple of 861?
True
Is 1044 a factor of 24879564?
True
Is 829687646 a multiple of 14?
False
Does 1467 divide 1170433553?
False
Does 13 divide 57922510?
False
Is 22605350 a multiple of 82?
True
Does 4772 divide 1835912472?
True
Does 176 divide 3434816?
True
Is 97034316 a multiple of 11?
False
Is 21 a factor of 311121928?
False
Does 21 divide 195375474?
True
Is 2782377 a multiple of 801?
False
Is 699 a factor of 84523080?
True
Is 58262490 a multiple of 14?
False
Does 30 divide 41987520?
True
Is 255403802 a multiple of 254?
False
Does 297 divide 2294333613?
True
Is 92895831 a multiple of 1017?
True
Does 1078 divide 339930935?
False
Does 571 divide 8550679320?
True
Is 614932238 a multiple of 127?
False
Is 132211099 a multiple of 827?
False
Is 83 a factor of 37999550?
False
Does 146 divide 450816902?
True
Does 436 divide 482599807?
False
Does 89 divide 5436775?
False
Is 881918592 a multiple of 550?
False
Is 10443160 a multiple of 266?
True
Does 4 divide 228963742?
False
Is 13 a factor of 8339986?
False
Is 29 a factor of 6503540?
True
Does 57 divide 4211844?
True
Is 772 a factor of 9159008?
True
Does 11 divide 363863782?
False
Is 912 a factor of 32178096?
True
Is 5050958626 a multiple of 19?
False
Is 4 a factor of 15488812?
True
Does 9 divide 364451643?
True
Is 772509226 a multiple of 358?
True
Is 26598198 a multiple of 33?
True
Does 65 divide 69762593?
False
Is 1247626320 a multiple of 15?
True
Does 209 divide 149315754?
False
Is 17697111 a multiple of 737?
False
Is 183142128 a multiple of 39?
True
Is 61532164 a multiple of 122?
True
Is 5 a factor of 26653321?
False
Does 69 divide 710895615?
True
Is 467732396 a multiple of 1131?
False
Does 23 divide 304775668?
True
Is 71 a factor of 174239231?
False
Does 6662 divide 1054054978?
True
Does 3 divide 1971299?
False
Is 199880 a multiple of 21?
False
Is 586249001 a multiple of 169?
True
Is 300 a factor of 32050200?
True
Is 33300555 a multiple of 145?
True
Is 631 a factor of 813992335?
False
Does 294 divide 349265238?
True
Is 96679983 a multiple of 59?
False
Is 402317377 a multiple of 4054?
False
Is 208014495 a multiple of 465?
True
Is 305 a factor of 442429593?
False
Does 9 divide 13560939?
True
Is 6080 a factor of 155525882?
False
Does 3661 divide 110387973?
False
Is 16735970 a multiple of 11?
False
Is 504306647 a multiple of 17?
False
Is 5487 a factor of 2381709343?
False
Is 178 a factor of 49578564?
False
Is 439693763 a multiple of 5899?
True
Is 2224 a factor of 2048904480?
True
Is 2284 a factor of 2749936?
True
Is 778561420 a multiple of 182?
True
Is 547073594 a multiple of 1526?
False
Is 127601095 a multiple of 748?
False
Is 9019247 a multiple of 282?
False
Is 357 a f